5*i - 7. Suppose -w + 3*z = 3, w - 3*w - a = -5*z. Let u = w - -17. List the prime factors of u.
5
Suppose 0 = -7*f + 11*f - 60. What are the prime factors of (-6)/(-15) - (-489)/f?
3, 11
Suppose 25 = -3*l + 58. Suppose 45 = 2*z + l. List the prime factors of z.
17
Let s(d) = 2*d**2 - 3*d - 1. Let g(b) = 3*b. Let r be g(-1). What are the prime factors of s(r)?
2, 13
Suppose -4*c - 36 = 44. Let r = c + 34. List the prime factors of r.
2, 7
Let y(s) = 8*s**2 - s - 2. List the prime factors of y(-1).
7
Suppose 0 = 5*b - b - 8. Suppose b*d - 3*l = 9, 3*l = -4*d + 45 - 0. Let r = d - 7. List the prime factors of r.
2
Suppose -3*k - 140 = -6*k + 5*s, 3*k = -2*s + 112. What are the prime factors of ((-2)/4)/((-4)/k)?
5
Let m = -127 - -180. List the prime factors of m.
53
Suppose 5*k + 26 = -4*c, -3 = -3*k + 3. What are the prime factors of 3/c + 25/3?
2
Let a(i) = i**2 - 2*i - 1. What are the prime factors of a(-5)?
2, 17
Let m(l) = l**2 + 9*l + 3. Let c be m(9). Suppose 0 = r + 4*r - c. Suppose 5*h - 38 = -4*f, -2*f - 7 + r = -h. List the prime factors of f.
2, 3
Let h(a) = -a**2 + 5*a. Let r(x) be the first derivative of -x**2 - 8*x - 1. Let n be r(-6). What are the prime factors of h(n)?
2
Let a = 48 - 25. List the prime factors of a.
23
Let v = -12 - -12. Suppose -5*g = -v*g - 25. What are the prime factors of g?
5
Let r(c) = -c**2 - 22*c - 26. List the prime factors of r(-19).
31
Let w be (39/13)/((-1)/(-53)). Suppose 0 = -0*z - 4*z + v + 163, 5*v + w = 4*z. List the prime factors of z.
41
Let h(j) be the third derivative of -j**6/120 + j**5/6 - j**4/3 - 5*j**3/6 - 2*j**2. Let g be h(9). Suppose -m - g*m = -40. What are the prime factors of m?
2
Suppose 12 - 4 = 2*k. Suppose -k*g = -0*g + 32. Let a = 16 + g. List the prime factors of a.
2
Suppose -2*h + 14 = -2*l, h - l - 11 = 2*l. Suppose 5*j = 20 - h. List the prime factors of j.
3
Suppose -4 = 4*u - 2*u - 2*h, 1 = -3*u + 2*h. What are the prime factors of u?
3
Let q be (10/(-15))/(2/(-12)). Suppose -2*b - 58 = -q*u, -2*u + 38 = -2*b - 2*b. What are the prime factors of u?
13
Let c(g) = -2*g**3 - 49*g**2 - 36*g - 30. What are the prime factors of c(-24)?
2, 3, 43
Let f be 3/6*0 - -6. Let j(b) = -1 - f*b - 2 - 1 + b**2. What are the prime factors of j(7)?
3
What are the prime factors of 1/1 + 2 + 24?
3
Let o = -17 - -25. What are the prime factors of o?
2
Suppose -5*c - h + 58 = -92, 0 = 4*c + 5*h - 141. What are the prime factors of c?
29
Let v = 0 + 4. Suppose v*h = 3*h. What are the prime factors of 2*(26/4 - h)?
13
Let m(i) be the second derivative of i**5/20 - 5*i**4/6 + i**3/3 + i**2 - 4*i. What are the prime factors of m(10)?
2, 11
Let l = -1 - -1. Suppose -6 = -2*z - 0*z + d, z + 4*d - 12 = l. List the prime factors of z.
2
List the prime factors of 58 + (-1 + -7)/2.
2, 3
Suppose -2*b = 2*b - 4, 4*b + 152 = 4*u. List the prime factors of u.
3, 13
Let s(q) = q + 8. Let w be s(-12). List the prime factors of (162/(-45))/(w/10).
3
Suppose -149 = -4*b + 27. What are the prime factors of b?
2, 11
Let g be 115/9 + 4/18. Let i(p) = 4*p - 12. What are the prime factors of i(g)?
2, 5
Suppose -15 = -3*z + 3*h, 3*z - 5*h = 7 + 4. List the prime factors of (24/z - 2)*7.
2, 5
What are the prime factors of 304/12 + 2/3?
2, 13
Suppose -4*j = -33 - 23. Suppose n + j = -4*y - 82, -120 = 4*y - 5*n. Let s = y + 36. List the prime factors of s.
11
Let t be (-4 + (-9)/(-3))*-3. Suppose -t + 21 = 3*k. What are the prime factors of k?
2, 3
Suppose -3*g + 228 = -0*g. Suppose 4*w - g = -24. What are the prime factors of w?
13
List the prime factors of 77 - (0 - (0 + 2)) - -1.
2, 5
Let k = 116 + -166. Let m = -35 - k. List the prime factors of m.
3, 5
What are the prime factors of 0 - ((-16)/(-12))/(2/(-18))?
2, 3
Let q be 24/3*(-2)/1. Let z = -4 - q. List the prime factors of z.
2, 3
Let c(j) = -j**3 + 5*j**2 + 8*j - 4. Let r be c(6). List the prime factors of (-14)/r*(-1 + -3).
7
Let r(p) = -4*p**3 + 2*p**2 + 2*p + 1. Suppose 0 = 4*j - 5*j - 2. List the prime factors of r(j).
37
Suppose 0 = -p + 36 + 15. List the prime factors of p.
3, 17
Suppose 0 = -n + 6*n - 20. Suppose 0*a - n = u - 4*a, a = 4*u - 59. What are the prime factors of u?
2
List the prime factors of (27 - (3 + 1)) + 4.
3
Suppose 0 = -3*p - w - 32, 0 = 3*p + 2*p + 4*w + 58. Let b = -1 - p. Let i = b - -3. What are the prime factors of i?
2, 3
Suppose 20 = 3*z - 0*z - 5*w, -3*w = 4*z - 17. Let s = 1 + z. List the prime factors of s.
2, 3
Let d = -2 - -2. Suppose d*c - 18 = -2*c + 3*t, 3*c + 3*t = -3. Suppose -g = -c*g + 14. List the prime factors of g.
7
Suppose 338 = 13*p - 91. List the prime factors of p.
3, 11
Suppose -5*c + 7 - 661 = -4*q, 2*q + 4*c = 340. List the prime factors of q.
2, 83
What are the prime factors of (33/(-15) - -3)*1490/4?
2, 149
Let s be -1 + 3 + 2 - 1. Suppose 2*x = x + s. List the prime factors of x.
3
Let q(k) = k**2 - 8*k + 3. Let w be q(7). Suppose 3*n + 105 = -2*n. Let y = w - n. What are the prime factors of y?
17
Let o(z) = 6*z**2 + 13*z + 4. List the prime factors of o(-5).
89
Suppose 5*u - 4*i = 3*u + 24, -3*u - 4 = 2*i. Suppose 2*b = -4*r + 10, -5*b + 0*r + 85 = -u*r. List the prime factors of b.
3, 5
Suppose 2*t - 16 - 20 = 0. What are the prime factors of t?
2, 3
What are the prime factors of (-121)/(-4) - (5/(-4))/(-5)?
2, 3, 5
Let u(b) = -3*b + 81. List the prime factors of u(24).
3
Suppose 5*t - 255 = m, 2*t + 2*m = 5*t - 160. What are the prime factors of t?
2, 5
What are the prime factors of 6 + -7 - -1*25?
2, 3
Let r(o) = -o**3 + 2*o**2 + o + 1. Suppose 2*p = 2*t - 2*p - 16, 0 = -t - p - 7. List the prime factors of r(t).
3, 5
Let m = 4 - 1. Suppose -3*n = m*d - 105, -d + 2 = 3*n - 95. List the prime factors of n.
31
Let k(w) = -w**3 + 7*w**2 + w - 6. Let l be k(7). Let p be (-2)/(-8) + 5/(-4). List the prime factors of l/(p + (-4)/(-3)).
3
Let x(h) = -h**2 - 10*h - 10. Let p be x(-8). Suppose -p = a - 3, -4*a - 22 = -2*i. List the prime factors of i.
5
Let o(d) = d**2 + 6*d - 9. Suppose 0*y = -2*y - 14. Let p be o(y). List the prime factors of 10 + p*(-1)/(-2).
3
Let a = 862 - 469. List the prime factors of a.
3, 131
What are the prime factors of 6/2 + -3 - -2?
2
Suppose 4*l + 73 = 5*q, 1 = 5*q - 3*l - 75. List the prime factors of q.
17
Let u(g) = g**2 + g - 3. Let n be u(-3). Suppose n*z + 7 = -17. Let b = z - -13. What are the prime factors of b?
5
Let g = 95 - 64. Suppose -w + 11 = -d, -3*w = 2*d - 2 - g. List the prime factors of w.
11
Let g(d) = 7*d. Let q(r) = 6*r. Let t(h) = -5*g(h) + 6*q(h). Let o be t(-5). Let u(m) = -m - 3. List the prime factors of u(o).
2
Suppose -n = -4*n - 3. Let h = 5 + n. List the prime factors of h.
2
Suppose -5*b - 266 = -12*b. What are the prime factors of b?
2, 19
Suppose 0 = -3*y + 2*b + 57, 0*b = y + 2*b - 27. What are the prime factors of y?
3, 7
Suppose -13*a = -17*a + 136. List the prime factors of a.
2, 17
Suppose n + p = 37, -2*p + 5*p = -4*n + 143. Suppose 3*i - 98 = -n. List the prime factors of i.
2, 11
Suppose 2*v + 2 = 6. Suppose 3*m + 2*x - 63 = 0, -7 - v = 3*x. What are the prime factors of m?
23
Let a be 855/25 - (-2)/(-10). Let y = a + -7. What are the prime factors of y?
3
Let d(j) = -j**3 + 8*j**2 - 8*j + 3. What are the prime factors of d(6)?
3
Suppose 0 = -4*w - 2*q + 838, -2*w + 98 + 326 = -4*q. What are the prime factors of w?
2, 3, 5, 7
Let d(o) = 6*o**3 - 4*o**2 + 3*o - 2. What are the prime factors of d(2)?
2, 3
Suppose 4*x = 14 + 50. What are the prime factors of x?
2
Let l(o) = o**2 + 10*o + 9. Let r be l(-9). List the prime factors of 12 + r/(2 + 1).
2, 3
Suppose 0 = -5*a - 4*r + 185, 4*r = 3*a - a - 102. Let d = a - 27. List the prime factors of d.
2, 7
Let a(u) = u + 5. Let m be a(-3). Suppose 0 = -m*k + 1 - 3, 2*l + 2 = -4*k. Let i = 2 + l. List the prime factors of i.
3
Let z be (0/(-3))/((-12)/(-4)). Suppose z = -4*k + 2*w + 20, -3*w + 1 = 2*k - 9. What are the prime factors of k?
5
Let y(x) be the second derivative of x**5/20 - x**4/3 + x**3/3 + x**2/2 - x. Let l = -2 + 6. List the prime factors of y(l).
3
Suppose 3*w + 6 = -3*s, w + 3*s + 8 = -w. Let i = 5 - 1. Let c = i - w. List the prime factors of c.
2
Let f be 18/(-8) - 1/(-4). Let i be -1 + -1 - (f + 0). Suppose -3*k + i*k + 5*o + 9 = 0, 4*o = -k + 20. List the prime f